{"id":2125,"date":"2017-12-22T12:56:39","date_gmt":"2017-12-22T11:56:39","guid":{"rendered":"\/wp-content\/uploads\/2017\/12\/Esch-sur-Alzette-Hotel-de-Ville-30-kWp-2.jpg"},"modified":"2017-12-26T15:50:43","modified_gmt":"2017-12-26T14:50:43","slug":"30kwp-pv-anlage-in-esch-su-alzette-2-2","status":"inherit","type":"attachment","link":"https:\/\/topsolar.lu\/fr\/energie-photovoltaique\/30kwp-pv-anlage-in-esch-su-alzette-2-2\/","title":{"rendered":"Syst\u00e8me photovolta\u00efque de 30 kWc \u00e0 Esch-sur-Alzette"},"author":5,"featured_media":0,"comment_status":"open","ping_status":"closed","template":"","meta":[],"class_list":["post-2125","attachment","type-attachment","status-inherit","hentry"],"yoast_head":"<!-- This site is optimized with the Yoast SEO plugin v26.5 - https:\/\/yoast.com\/wordpress\/plugins\/seo\/ -->\n<title>Syst\u00e8me photovolta\u00efque de 30 kWc \u00e0 Esch-sur-Alzette - Topsolar<\/title>\n<meta name=\"robots\" content=\"index, follow, max-snippet:-1, max-image-preview:large, max-video-preview:-1\" \/>\n<link rel=\"canonical\" href=\"https:\/\/topsolar.lu\/wp-content\/uploads\/2017\/12\/Esch-sur-Alzette-Hotel-de-Ville-30-kWp-2.jpg\" \/>\n<meta property=\"og:locale\" content=\"fr_FR\" \/>\n<meta property=\"og:type\" content=\"article\" \/>\n<meta property=\"og:title\" content=\"Syst\u00e8me photovolta\u00efque de 30 kWc \u00e0 Esch-sur-Alzette - Topsolar\" \/>\n<meta property=\"og:description\" content=\"Syst\u00e8me photovolta\u00efque de 30 kWc \u00e0 Esch-sur-Alzette, \u00e0 l&#039;H\u00f4tel de Ville\" \/>\n<meta property=\"og:url\" content=\"https:\/\/topsolar.lu\/wp-content\/uploads\/2017\/12\/Esch-sur-Alzette-Hotel-de-Ville-30-kWp-2.jpg\" \/>\n<meta property=\"og:site_name\" content=\"Topsolar\" \/>\n<meta property=\"article:modified_time\" content=\"2017-12-26T14:50:43+00:00\" \/>\n<meta property=\"og:image\" content=\"https:\/\/topsolar.lu\/wp-content\/uploads\/2017\/12\/Esch-sur-Alzette-Hotel-de-Ville-30-kWp-2.jpg\" \/>\n\t<meta property=\"og:image:width\" content=\"285\" \/>\n\t<meta property=\"og:image:height\" content=\"200\" \/>\n\t<meta property=\"og:image:type\" content=\"image\/jpeg\" \/>\n<meta name=\"twitter:card\" content=\"summary_large_image\" \/>\n<script type=\"application\/ld+json\" class=\"yoast-schema-graph\">{\"@context\":\"https:\/\/schema.org\",\"@graph\":[{\"@type\":\"WebPage\",\"@id\":\"https:\/\/topsolar.lu\/wp-content\/uploads\/2017\/12\/Esch-sur-Alzette-Hotel-de-Ville-30-kWp-2.jpg\",\"url\":\"https:\/\/topsolar.lu\/wp-content\/uploads\/2017\/12\/Esch-sur-Alzette-Hotel-de-Ville-30-kWp-2.jpg\",\"name\":\"Syst\u00e8me photovolta\u00efque de 30 kWc \u00e0 Esch-sur-Alzette - Topsolar\",\"isPartOf\":{\"@id\":\"https:\/\/topsolar.lu\/fr\/#website\"},\"datePublished\":\"2017-12-22T11:56:39+00:00\",\"dateModified\":\"2017-12-26T14:50:43+00:00\",\"breadcrumb\":{\"@id\":\"https:\/\/topsolar.lu\/wp-content\/uploads\/2017\/12\/Esch-sur-Alzette-Hotel-de-Ville-30-kWp-2.jpg#breadcrumb\"},\"inLanguage\":\"fr-FR\",\"potentialAction\":[{\"@type\":\"ReadAction\",\"target\":[\"https:\/\/topsolar.lu\/wp-content\/uploads\/2017\/12\/Esch-sur-Alzette-Hotel-de-Ville-30-kWp-2.jpg\"]}]},{\"@type\":\"BreadcrumbList\",\"@id\":\"https:\/\/topsolar.lu\/wp-content\/uploads\/2017\/12\/Esch-sur-Alzette-Hotel-de-Ville-30-kWp-2.jpg#breadcrumb\",\"itemListElement\":[{\"@type\":\"ListItem\",\"position\":1,\"name\":\"Startseite\",\"item\":\"https:\/\/topsolar.lu\/fr\/\"},{\"@type\":\"ListItem\",\"position\":2,\"name\":\"Photovolta\u00efque\",\"item\":\"https:\/\/topsolar.lu\/fr\/energie-photovoltaique\/\"},{\"@type\":\"ListItem\",\"position\":3,\"name\":\"Syst\u00e8me photovolta\u00efque de 30 kWc \u00e0 Esch-sur-Alzette\"}]},{\"@type\":\"WebSite\",\"@id\":\"https:\/\/topsolar.lu\/fr\/#website\",\"url\":\"https:\/\/topsolar.lu\/fr\/\",\"name\":\"Topsolar\",\"description\":\"Luxemburger Fachbetrieb f\u00fcr regenerative Energien\",\"potentialAction\":[{\"@type\":\"SearchAction\",\"target\":{\"@type\":\"EntryPoint\",\"urlTemplate\":\"https:\/\/topsolar.lu\/fr\/?s={search_term_string}\"},\"query-input\":{\"@type\":\"PropertyValueSpecification\",\"valueRequired\":true,\"valueName\":\"search_term_string\"}}],\"inLanguage\":\"fr-FR\"}]}<\/script>\n<!-- \/ Yoast SEO plugin. -->","yoast_head_json":{"title":"Syst\u00e8me photovolta\u00efque de 30 kWc \u00e0 Esch-sur-Alzette - Topsolar","robots":{"index":"index","follow":"follow","max-snippet":"max-snippet:-1","max-image-preview":"max-image-preview:large","max-video-preview":"max-video-preview:-1"},"canonical":"https:\/\/topsolar.lu\/wp-content\/uploads\/2017\/12\/Esch-sur-Alzette-Hotel-de-Ville-30-kWp-2.jpg","og_locale":"fr_FR","og_type":"article","og_title":"Syst\u00e8me photovolta\u00efque de 30 kWc \u00e0 Esch-sur-Alzette - Topsolar","og_description":"Syst\u00e8me photovolta\u00efque de 30 kWc \u00e0 Esch-sur-Alzette, \u00e0 l'H\u00f4tel de Ville","og_url":"https:\/\/topsolar.lu\/wp-content\/uploads\/2017\/12\/Esch-sur-Alzette-Hotel-de-Ville-30-kWp-2.jpg","og_site_name":"Topsolar","article_modified_time":"2017-12-26T14:50:43+00:00","og_image":[{"width":285,"height":200,"url":"https:\/\/topsolar.lu\/wp-content\/uploads\/2017\/12\/Esch-sur-Alzette-Hotel-de-Ville-30-kWp-2.jpg","type":"image\/jpeg"}],"twitter_card":"summary_large_image","schema":{"@context":"https:\/\/schema.org","@graph":[{"@type":"WebPage","@id":"https:\/\/topsolar.lu\/wp-content\/uploads\/2017\/12\/Esch-sur-Alzette-Hotel-de-Ville-30-kWp-2.jpg","url":"https:\/\/topsolar.lu\/wp-content\/uploads\/2017\/12\/Esch-sur-Alzette-Hotel-de-Ville-30-kWp-2.jpg","name":"Syst\u00e8me photovolta\u00efque de 30 kWc \u00e0 Esch-sur-Alzette - Topsolar","isPartOf":{"@id":"https:\/\/topsolar.lu\/fr\/#website"},"datePublished":"2017-12-22T11:56:39+00:00","dateModified":"2017-12-26T14:50:43+00:00","breadcrumb":{"@id":"https:\/\/topsolar.lu\/wp-content\/uploads\/2017\/12\/Esch-sur-Alzette-Hotel-de-Ville-30-kWp-2.jpg#breadcrumb"},"inLanguage":"fr-FR","potentialAction":[{"@type":"ReadAction","target":["https:\/\/topsolar.lu\/wp-content\/uploads\/2017\/12\/Esch-sur-Alzette-Hotel-de-Ville-30-kWp-2.jpg"]}]},{"@type":"BreadcrumbList","@id":"https:\/\/topsolar.lu\/wp-content\/uploads\/2017\/12\/Esch-sur-Alzette-Hotel-de-Ville-30-kWp-2.jpg#breadcrumb","itemListElement":[{"@type":"ListItem","position":1,"name":"Startseite","item":"https:\/\/topsolar.lu\/fr\/"},{"@type":"ListItem","position":2,"name":"Photovolta\u00efque","item":"https:\/\/topsolar.lu\/fr\/energie-photovoltaique\/"},{"@type":"ListItem","position":3,"name":"Syst\u00e8me photovolta\u00efque de 30 kWc \u00e0 Esch-sur-Alzette"}]},{"@type":"WebSite","@id":"https:\/\/topsolar.lu\/fr\/#website","url":"https:\/\/topsolar.lu\/fr\/","name":"Topsolar","description":"Luxemburger Fachbetrieb f\u00fcr regenerative Energien","potentialAction":[{"@type":"SearchAction","target":{"@type":"EntryPoint","urlTemplate":"https:\/\/topsolar.lu\/fr\/?s={search_term_string}"},"query-input":{"@type":"PropertyValueSpecification","valueRequired":true,"valueName":"search_term_string"}}],"inLanguage":"fr-FR"}]}},"description":{"rendered":"<p class=\"attachment\"><a data-rel=\"iLightbox[postimages]\" data-title=\"\" data-caption=\"\" href='https:\/\/topsolar.lu\/wp-content\/uploads\/2017\/12\/Esch-sur-Alzette-Hotel-de-Ville-30-kWp-2.jpg'><img decoding=\"async\" width=\"285\" height=\"200\" src=\"https:\/\/topsolar.lu\/wp-content\/uploads\/2017\/12\/Esch-sur-Alzette-Hotel-de-Ville-30-kWp-2.jpg\" class=\"attachment-medium size-medium\" alt=\"Syst\u00e8me photovolta\u00efque de 30 kWc \u00e0 Esch-sur-Alzette\" srcset=\"https:\/\/topsolar.lu\/wp-content\/uploads\/2017\/12\/Esch-sur-Alzette-Hotel-de-Ville-30-kWp-2-200x140.jpg 200w, https:\/\/topsolar.lu\/wp-content\/uploads\/2017\/12\/Esch-sur-Alzette-Hotel-de-Ville-30-kWp-2.jpg 285w\" sizes=\"(max-width: 285px) 100vw, 285px\" \/><\/a><\/p>\n<p>Syst\u00e8me photovolta\u00efque de 30 kWc \u00e0 Esch-sur-Alzette, \u00e0 l&rsquo;H\u00f4tel de Ville<\/p>\n"},"caption":{"rendered":"<p>Syst\u00e8me photovolta\u00efque de 30 kWc \u00e0 Esch-sur-Alzette, \u00e0 l&rsquo;H\u00f4tel de Ville<\/p>\n"},"alt_text":"Syst\u00e8me photovolta\u00efque de 30 kWc \u00e0 Esch-sur-Alzette","media_type":"image","mime_type":"image\/jpeg","media_details":{"width":285,"height":200,"file":"2017\/12\/Esch-sur-Alzette-Hotel-de-Ville-30-kWp-2.jpg","sizes":{"thumbnail":{"file":"Esch-sur-Alzette-Hotel-de-Ville-30-kWp-2-150x150.jpg","width":150,"height":150,"mime_type":"image\/jpeg","source_url":"https:\/\/topsolar.lu\/wp-content\/uploads\/2017\/12\/Esch-sur-Alzette-Hotel-de-Ville-30-kWp-2-150x150.jpg"},"portfolio-five":{"file":"Esch-sur-Alzette-Hotel-de-Ville-30-kWp-2-177x142.jpg","width":177,"height":142,"mime_type":"image\/jpeg","source_url":"https:\/\/topsolar.lu\/wp-content\/uploads\/2017\/12\/Esch-sur-Alzette-Hotel-de-Ville-30-kWp-2-177x142.jpg"},"recent-works-thumbnail":{"file":"Esch-sur-Alzette-Hotel-de-Ville-30-kWp-2-66x66.jpg","width":66,"height":66,"mime_type":"image\/jpeg","source_url":"https:\/\/topsolar.lu\/wp-content\/uploads\/2017\/12\/Esch-sur-Alzette-Hotel-de-Ville-30-kWp-2-66x66.jpg"},"fusion-200":{"file":"Esch-sur-Alzette-Hotel-de-Ville-30-kWp-2-200x140.jpg","width":200,"height":140,"mime_type":"image\/jpeg","source_url":"https:\/\/topsolar.lu\/wp-content\/uploads\/2017\/12\/Esch-sur-Alzette-Hotel-de-Ville-30-kWp-2-200x140.jpg"},"full":{"file":"Esch-sur-Alzette-Hotel-de-Ville-30-kWp-2.jpg","width":285,"height":200,"mime_type":"image\/jpeg","source_url":"https:\/\/topsolar.lu\/wp-content\/uploads\/2017\/12\/Esch-sur-Alzette-Hotel-de-Ville-30-kWp-2.jpg"}},"image_meta":{"aperture":"7.1","credit":"","camera":"NIKON D60","caption":"30kWP PV Anlage in Esch-su-Alzette, auf dem Hotel de Ville","created_timestamp":"1247491008","copyright":"","focal_length":"22","iso":"100","shutter_speed":"0.005","title":"30kWP PV Anlage in Esch-su-Alzette","orientation":"0","keywords":[]}},"post":1868,"source_url":"https:\/\/topsolar.lu\/wp-content\/uploads\/2017\/12\/Esch-sur-Alzette-Hotel-de-Ville-30-kWp-2.jpg","_links":{"self":[{"href":"https:\/\/topsolar.lu\/fr\/wp-json\/wp\/v2\/media\/2125","targetHints":{"allow":["GET"]}}],"collection":[{"href":"https:\/\/topsolar.lu\/fr\/wp-json\/wp\/v2\/media"}],"about":[{"href":"https:\/\/topsolar.lu\/fr\/wp-json\/wp\/v2\/types\/attachment"}],"author":[{"embeddable":true,"href":"https:\/\/topsolar.lu\/fr\/wp-json\/wp\/v2\/users\/5"}],"replies":[{"embeddable":true,"href":"https:\/\/topsolar.lu\/fr\/wp-json\/wp\/v2\/comments?post=2125"}],"wp:attached-to":[{"embeddable":true,"post_type":"page","id":1868,"href":"https:\/\/topsolar.lu\/fr\/wp-json\/wp\/v2\/pages\/1868"}],"curies":[{"name":"wp","href":"https:\/\/api.w.org\/{rel}","templated":true}]}}

Système photovoltaïque de 30 kWc à Esch-sur-Alzette

<!-- This site is optimized with the Yoast SEO plugin v26.5 - https://yoast.com/wordpress/plugins/seo/ -->
<title>Système photovoltaïque de 30 kWc à Esch-sur-Alzette - Topsolar</title>
<meta name="robots" content="index, follow, max-snippet:-1, max-image-preview:large, max-video-preview:-1" />
<link rel="canonical" href="https://topsolar.lu/wp-content/uploads/2017/12/Esch-sur-Alzette-Hotel-de-Ville-30-kWp-2.jpg" />
<meta property="og:locale" content="fr_FR" />
<meta property="og:type" content="article" />
<meta property="og:title" content="Système photovoltaïque de 30 kWc à Esch-sur-Alzette - Topsolar" />
<meta property="og:description" content="Système photovoltaïque de 30 kWc à Esch-sur-Alzette, à l&#039;Hôtel de Ville" />
<meta property="og:url" content="https://topsolar.lu/wp-content/uploads/2017/12/Esch-sur-Alzette-Hotel-de-Ville-30-kWp-2.jpg" />
<meta property="og:site_name" content="Topsolar" />
<meta property="article:modified_time" content="2017-12-26T14:50:43+00:00" />
<meta property="og:image" content="https://topsolar.lu/wp-content/uploads/2017/12/Esch-sur-Alzette-Hotel-de-Ville-30-kWp-2.jpg" />
	<meta property="og:image:width" content="285" />
	<meta property="og:image:height" content="200" />
	<meta property="og:image:type" content="image/jpeg" />
<meta name="twitter:card" content="summary_large_image" />
<script type="application/ld+json" class="yoast-schema-graph">{"@context":"https://schema.org","@graph":[{"@type":"WebPage","@id":"https://topsolar.lu/wp-content/uploads/2017/12/Esch-sur-Alzette-Hotel-de-Ville-30-kWp-2.jpg","url":"https://topsolar.lu/wp-content/uploads/2017/12/Esch-sur-Alzette-Hotel-de-Ville-30-kWp-2.jpg","name":"Système photovoltaïque de 30 kWc à Esch-sur-Alzette - Topsolar","isPartOf":{"@id":"https://topsolar.lu/fr/#website"},"datePublished":"2017-12-22T11:56:39+00:00","dateModified":"2017-12-26T14:50:43+00:00","breadcrumb":{"@id":"https://topsolar.lu/wp-content/uploads/2017/12/Esch-sur-Alzette-Hotel-de-Ville-30-kWp-2.jpg#breadcrumb"},"inLanguage":"fr-FR","potentialAction":[{"@type":"ReadAction","target":["https://topsolar.lu/wp-content/uploads/2017/12/Esch-sur-Alzette-Hotel-de-Ville-30-kWp-2.jpg"]}]},{"@type":"BreadcrumbList","@id":"https://topsolar.lu/wp-content/uploads/2017/12/Esch-sur-Alzette-Hotel-de-Ville-30-kWp-2.jpg#breadcrumb","itemListElement":[{"@type":"ListItem","position":1,"name":"Startseite","item":"https://topsolar.lu/fr/"},{"@type":"ListItem","position":2,"name":"Photovoltaïque","item":"https://topsolar.lu/fr/energie-photovoltaique/"},{"@type":"ListItem","position":3,"name":"Système photovoltaïque de 30 kWc à Esch-sur-Alzette"}]},{"@type":"WebSite","@id":"https://topsolar.lu/fr/#website","url":"https://topsolar.lu/fr/","name":"Topsolar","description":"Luxemburger Fachbetrieb für regenerative Energien","potentialAction":[{"@type":"SearchAction","target":{"@type":"EntryPoint","urlTemplate":"https://topsolar.lu/fr/?s={search_term_string}"},"query-input":{"@type":"PropertyValueSpecification","valueRequired":true,"valueName":"search_term_string"}}],"inLanguage":"fr-FR"}]}</script>
<!-- / Yoast SEO plugin. -->

Système photovoltaïque de 30 kWc à Esch-sur-Alzette - Topsolar

Système photovoltaïque de 30 kWc à Esch-sur-Alzette, à l'Hôtel de Ville

Photovoltaïque

Luxemburger Fachbetrieb für regenerative Energien

<p class="attachment"><a data-rel="iLightbox[postimages]" data-title="" data-caption="" href='https://topsolar.lu/wp-content/uploads/2017/12/Esch-sur-Alzette-Hotel-de-Ville-30-kWp-2.jpg'><img decoding="async" width="285" height="200" src="https://topsolar.lu/wp-content/uploads/2017/12/Esch-sur-Alzette-Hotel-de-Ville-30-kWp-2.jpg" class="attachment-medium size-medium" alt="Système photovoltaïque de 30 kWc à Esch-sur-Alzette" srcset="https://topsolar.lu/wp-content/uploads/2017/12/Esch-sur-Alzette-Hotel-de-Ville-30-kWp-2-200x140.jpg 200w, https://topsolar.lu/wp-content/uploads/2017/12/Esch-sur-Alzette-Hotel-de-Ville-30-kWp-2.jpg 285w" sizes="(max-width: 285px) 100vw, 285px" /></a></p>
<p>Système photovoltaïque de 30 kWc à Esch-sur-Alzette, à l&rsquo;Hôtel de Ville</p>

<p>Système photovoltaïque de 30 kWc à Esch-sur-Alzette, à l&rsquo;Hôtel de Ville</p>
