{"id":2143,"date":"2017-12-22T13:03:51","date_gmt":"2017-12-22T12:03:51","guid":{"rendered":"\/wp-content\/uploads\/2017\/12\/Niederanven-40-kWp.jpg"},"modified":"2017-12-26T15:47:33","modified_gmt":"2017-12-26T14:47:33","slug":"hochmoderne-photovoltaikinstallation-in-niederanven-2","status":"inherit","type":"attachment","link":"https:\/\/topsolar.lu\/fr\/energie-photovoltaique\/hochmoderne-photovoltaikinstallation-in-niederanven-2\/","title":{"rendered":"Installation photovolta\u00efque ultramoderne \u00e0 Niederanven"},"author":5,"featured_media":0,"comment_status":"open","ping_status":"closed","template":"","meta":[],"class_list":["post-2143","attachment","type-attachment","status-inherit","hentry"],"yoast_head":"<!-- This site is optimized with the Yoast SEO plugin v26.5 - https:\/\/yoast.com\/wordpress\/plugins\/seo\/ -->\n<title>Installation photovolta\u00efque ultramoderne \u00e0 Niederanven - Topsolar<\/title>\n<meta name=\"robots\" content=\"index, follow, max-snippet:-1, max-image-preview:large, max-video-preview:-1\" \/>\n<link rel=\"canonical\" href=\"https:\/\/topsolar.lu\/wp-content\/uploads\/2017\/12\/Niederanven-40-kWp.jpg\" \/>\n<meta property=\"og:locale\" content=\"fr_FR\" \/>\n<meta property=\"og:type\" content=\"article\" \/>\n<meta property=\"og:title\" content=\"Installation photovolta\u00efque ultramoderne \u00e0 Niederanven - Topsolar\" \/>\n<meta property=\"og:description\" content=\"Installation photovolta\u00efque ultramoderne \u00e0 Niederanven\" \/>\n<meta property=\"og:url\" content=\"https:\/\/topsolar.lu\/wp-content\/uploads\/2017\/12\/Niederanven-40-kWp.jpg\" \/>\n<meta property=\"og:site_name\" content=\"Topsolar\" \/>\n<meta property=\"article:modified_time\" content=\"2017-12-26T14:47:33+00:00\" \/>\n<meta property=\"og:image\" content=\"https:\/\/topsolar.lu\/wp-content\/uploads\/2017\/12\/Niederanven-40-kWp.jpg\" \/>\n\t<meta property=\"og:image:width\" content=\"1000\" \/>\n\t<meta property=\"og:image:height\" content=\"563\" \/>\n\t<meta property=\"og:image:type\" content=\"image\/jpeg\" \/>\n<meta name=\"twitter:card\" content=\"summary_large_image\" \/>\n<script type=\"application\/ld+json\" class=\"yoast-schema-graph\">{\"@context\":\"https:\/\/schema.org\",\"@graph\":[{\"@type\":\"WebPage\",\"@id\":\"https:\/\/topsolar.lu\/wp-content\/uploads\/2017\/12\/Niederanven-40-kWp.jpg\",\"url\":\"https:\/\/topsolar.lu\/wp-content\/uploads\/2017\/12\/Niederanven-40-kWp.jpg\",\"name\":\"Installation photovolta\u00efque ultramoderne \u00e0 Niederanven - Topsolar\",\"isPartOf\":{\"@id\":\"https:\/\/topsolar.lu\/fr\/#website\"},\"datePublished\":\"2017-12-22T12:03:51+00:00\",\"dateModified\":\"2017-12-26T14:47:33+00:00\",\"breadcrumb\":{\"@id\":\"https:\/\/topsolar.lu\/wp-content\/uploads\/2017\/12\/Niederanven-40-kWp.jpg#breadcrumb\"},\"inLanguage\":\"fr-FR\",\"potentialAction\":[{\"@type\":\"ReadAction\",\"target\":[\"https:\/\/topsolar.lu\/wp-content\/uploads\/2017\/12\/Niederanven-40-kWp.jpg\"]}]},{\"@type\":\"BreadcrumbList\",\"@id\":\"https:\/\/topsolar.lu\/wp-content\/uploads\/2017\/12\/Niederanven-40-kWp.jpg#breadcrumb\",\"itemListElement\":[{\"@type\":\"ListItem\",\"position\":1,\"name\":\"Startseite\",\"item\":\"https:\/\/topsolar.lu\/fr\/\"},{\"@type\":\"ListItem\",\"position\":2,\"name\":\"Photovolta\u00efque\",\"item\":\"https:\/\/topsolar.lu\/fr\/energie-photovoltaique\/\"},{\"@type\":\"ListItem\",\"position\":3,\"name\":\"Installation photovolta\u00efque ultramoderne \u00e0 Niederanven\"}]},{\"@type\":\"WebSite\",\"@id\":\"https:\/\/topsolar.lu\/fr\/#website\",\"url\":\"https:\/\/topsolar.lu\/fr\/\",\"name\":\"Topsolar\",\"description\":\"Luxemburger Fachbetrieb f\u00fcr regenerative Energien\",\"potentialAction\":[{\"@type\":\"SearchAction\",\"target\":{\"@type\":\"EntryPoint\",\"urlTemplate\":\"https:\/\/topsolar.lu\/fr\/?s={search_term_string}\"},\"query-input\":{\"@type\":\"PropertyValueSpecification\",\"valueRequired\":true,\"valueName\":\"search_term_string\"}}],\"inLanguage\":\"fr-FR\"}]}<\/script>\n<!-- \/ Yoast SEO plugin. -->","yoast_head_json":{"title":"Installation photovolta\u00efque ultramoderne \u00e0 Niederanven - Topsolar","robots":{"index":"index","follow":"follow","max-snippet":"max-snippet:-1","max-image-preview":"max-image-preview:large","max-video-preview":"max-video-preview:-1"},"canonical":"https:\/\/topsolar.lu\/wp-content\/uploads\/2017\/12\/Niederanven-40-kWp.jpg","og_locale":"fr_FR","og_type":"article","og_title":"Installation photovolta\u00efque ultramoderne \u00e0 Niederanven - Topsolar","og_description":"Installation photovolta\u00efque ultramoderne \u00e0 Niederanven","og_url":"https:\/\/topsolar.lu\/wp-content\/uploads\/2017\/12\/Niederanven-40-kWp.jpg","og_site_name":"Topsolar","article_modified_time":"2017-12-26T14:47:33+00:00","og_image":[{"width":1000,"height":563,"url":"https:\/\/topsolar.lu\/wp-content\/uploads\/2017\/12\/Niederanven-40-kWp.jpg","type":"image\/jpeg"}],"twitter_card":"summary_large_image","schema":{"@context":"https:\/\/schema.org","@graph":[{"@type":"WebPage","@id":"https:\/\/topsolar.lu\/wp-content\/uploads\/2017\/12\/Niederanven-40-kWp.jpg","url":"https:\/\/topsolar.lu\/wp-content\/uploads\/2017\/12\/Niederanven-40-kWp.jpg","name":"Installation photovolta\u00efque ultramoderne \u00e0 Niederanven - Topsolar","isPartOf":{"@id":"https:\/\/topsolar.lu\/fr\/#website"},"datePublished":"2017-12-22T12:03:51+00:00","dateModified":"2017-12-26T14:47:33+00:00","breadcrumb":{"@id":"https:\/\/topsolar.lu\/wp-content\/uploads\/2017\/12\/Niederanven-40-kWp.jpg#breadcrumb"},"inLanguage":"fr-FR","potentialAction":[{"@type":"ReadAction","target":["https:\/\/topsolar.lu\/wp-content\/uploads\/2017\/12\/Niederanven-40-kWp.jpg"]}]},{"@type":"BreadcrumbList","@id":"https:\/\/topsolar.lu\/wp-content\/uploads\/2017\/12\/Niederanven-40-kWp.jpg#breadcrumb","itemListElement":[{"@type":"ListItem","position":1,"name":"Startseite","item":"https:\/\/topsolar.lu\/fr\/"},{"@type":"ListItem","position":2,"name":"Photovolta\u00efque","item":"https:\/\/topsolar.lu\/fr\/energie-photovoltaique\/"},{"@type":"ListItem","position":3,"name":"Installation photovolta\u00efque ultramoderne \u00e0 Niederanven"}]},{"@type":"WebSite","@id":"https:\/\/topsolar.lu\/fr\/#website","url":"https:\/\/topsolar.lu\/fr\/","name":"Topsolar","description":"Luxemburger Fachbetrieb f\u00fcr regenerative Energien","potentialAction":[{"@type":"SearchAction","target":{"@type":"EntryPoint","urlTemplate":"https:\/\/topsolar.lu\/fr\/?s={search_term_string}"},"query-input":{"@type":"PropertyValueSpecification","valueRequired":true,"valueName":"search_term_string"}}],"inLanguage":"fr-FR"}]}},"description":{"rendered":"<p class=\"attachment\"><a data-rel=\"iLightbox[postimages]\" data-title=\"\" data-caption=\"\" href='https:\/\/topsolar.lu\/wp-content\/uploads\/2017\/12\/Niederanven-40-kWp.jpg'><img decoding=\"async\" width=\"300\" height=\"169\" src=\"https:\/\/topsolar.lu\/wp-content\/uploads\/2017\/12\/Niederanven-40-kWp-300x169.jpg\" class=\"attachment-medium size-medium\" alt=\"Installation photovolta\u00efque ultramoderne \u00e0 Niederanven\" srcset=\"https:\/\/topsolar.lu\/wp-content\/uploads\/2017\/12\/Niederanven-40-kWp-200x113.jpg 200w, https:\/\/topsolar.lu\/wp-content\/uploads\/2017\/12\/Niederanven-40-kWp-300x169.jpg 300w, https:\/\/topsolar.lu\/wp-content\/uploads\/2017\/12\/Niederanven-40-kWp-400x225.jpg 400w, https:\/\/topsolar.lu\/wp-content\/uploads\/2017\/12\/Niederanven-40-kWp-600x338.jpg 600w, https:\/\/topsolar.lu\/wp-content\/uploads\/2017\/12\/Niederanven-40-kWp-768x432.jpg 768w, https:\/\/topsolar.lu\/wp-content\/uploads\/2017\/12\/Niederanven-40-kWp-800x450.jpg 800w, https:\/\/topsolar.lu\/wp-content\/uploads\/2017\/12\/Niederanven-40-kWp.jpg 1000w\" sizes=\"(max-width: 300px) 100vw, 300px\" \/><\/a><\/p>\n<p>Installation photovolta\u00efque ultramoderne \u00e0 Niederanven<\/p>\n"},"caption":{"rendered":"<p>Installation photovolta\u00efque ultramoderne \u00e0 Niederanven<\/p>\n"},"alt_text":"Installation photovolta\u00efque ultramoderne \u00e0 Niederanven","media_type":"image","mime_type":"image\/jpeg","media_details":{"width":1000,"height":563,"file":"2017\/12\/Niederanven-40-kWp.jpg","sizes":{"thumbnail":{"file":"Niederanven-40-kWp-150x150.jpg","width":150,"height":150,"mime_type":"image\/jpeg","source_url":"https:\/\/topsolar.lu\/wp-content\/uploads\/2017\/12\/Niederanven-40-kWp-150x150.jpg"},"medium":{"file":"Niederanven-40-kWp-300x169.jpg","width":300,"height":169,"mime_type":"image\/jpeg","source_url":"https:\/\/topsolar.lu\/wp-content\/uploads\/2017\/12\/Niederanven-40-kWp-300x169.jpg"},"medium_large":{"file":"Niederanven-40-kWp-768x432.jpg","width":768,"height":432,"mime_type":"image\/jpeg","source_url":"https:\/\/topsolar.lu\/wp-content\/uploads\/2017\/12\/Niederanven-40-kWp-768x432.jpg"},"portfolio-full":{"file":"Niederanven-40-kWp-940x400.jpg","width":940,"height":400,"mime_type":"image\/jpeg","source_url":"https:\/\/topsolar.lu\/wp-content\/uploads\/2017\/12\/Niederanven-40-kWp-940x400.jpg"},"portfolio-one":{"file":"Niederanven-40-kWp-540x272.jpg","width":540,"height":272,"mime_type":"image\/jpeg","source_url":"https:\/\/topsolar.lu\/wp-content\/uploads\/2017\/12\/Niederanven-40-kWp-540x272.jpg"},"portfolio-two":{"file":"Niederanven-40-kWp-460x295.jpg","width":460,"height":295,"mime_type":"image\/jpeg","source_url":"https:\/\/topsolar.lu\/wp-content\/uploads\/2017\/12\/Niederanven-40-kWp-460x295.jpg"},"portfolio-three":{"file":"Niederanven-40-kWp-300x214.jpg","width":300,"height":214,"mime_type":"image\/jpeg","source_url":"https:\/\/topsolar.lu\/wp-content\/uploads\/2017\/12\/Niederanven-40-kWp-300x214.jpg"},"portfolio-five":{"file":"Niederanven-40-kWp-177x142.jpg","width":177,"height":142,"mime_type":"image\/jpeg","source_url":"https:\/\/topsolar.lu\/wp-content\/uploads\/2017\/12\/Niederanven-40-kWp-177x142.jpg"},"blog-large":{"file":"Niederanven-40-kWp-669x272.jpg","width":669,"height":272,"mime_type":"image\/jpeg","source_url":"https:\/\/topsolar.lu\/wp-content\/uploads\/2017\/12\/Niederanven-40-kWp-669x272.jpg"},"blog-medium":{"file":"Niederanven-40-kWp-320x202.jpg","width":320,"height":202,"mime_type":"image\/jpeg","source_url":"https:\/\/topsolar.lu\/wp-content\/uploads\/2017\/12\/Niederanven-40-kWp-320x202.jpg"},"recent-posts":{"file":"Niederanven-40-kWp-700x441.jpg","width":700,"height":441,"mime_type":"image\/jpeg","source_url":"https:\/\/topsolar.lu\/wp-content\/uploads\/2017\/12\/Niederanven-40-kWp-700x441.jpg"},"recent-works-thumbnail":{"file":"Niederanven-40-kWp-66x66.jpg","width":66,"height":66,"mime_type":"image\/jpeg","source_url":"https:\/\/topsolar.lu\/wp-content\/uploads\/2017\/12\/Niederanven-40-kWp-66x66.jpg"},"fusion-200":{"file":"Niederanven-40-kWp-200x113.jpg","width":200,"height":113,"mime_type":"image\/jpeg","source_url":"https:\/\/topsolar.lu\/wp-content\/uploads\/2017\/12\/Niederanven-40-kWp-200x113.jpg"},"fusion-400":{"file":"Niederanven-40-kWp-400x225.jpg","width":400,"height":225,"mime_type":"image\/jpeg","source_url":"https:\/\/topsolar.lu\/wp-content\/uploads\/2017\/12\/Niederanven-40-kWp-400x225.jpg"},"fusion-600":{"file":"Niederanven-40-kWp-600x338.jpg","width":600,"height":338,"mime_type":"image\/jpeg","source_url":"https:\/\/topsolar.lu\/wp-content\/uploads\/2017\/12\/Niederanven-40-kWp-600x338.jpg"},"fusion-800":{"file":"Niederanven-40-kWp-800x450.jpg","width":800,"height":450,"mime_type":"image\/jpeg","source_url":"https:\/\/topsolar.lu\/wp-content\/uploads\/2017\/12\/Niederanven-40-kWp-800x450.jpg"},"full":{"file":"Niederanven-40-kWp.jpg","width":1000,"height":563,"mime_type":"image\/jpeg","source_url":"https:\/\/topsolar.lu\/wp-content\/uploads\/2017\/12\/Niederanven-40-kWp.jpg"}},"image_meta":{"aperture":"1.9","credit":"","camera":"SM-G920F","caption":"Hochmoderne Photovoltaikinstallation in Niederanven, 40 kWp Leistung","created_timestamp":"1510750947","copyright":"","focal_length":"4.3","iso":"40","shutter_speed":"0.00125","title":"Hochmoderne Photovoltaikinstallation in Niederanven","orientation":"0","keywords":[]}},"post":1868,"source_url":"https:\/\/topsolar.lu\/wp-content\/uploads\/2017\/12\/Niederanven-40-kWp.jpg","_links":{"self":[{"href":"https:\/\/topsolar.lu\/fr\/wp-json\/wp\/v2\/media\/2143","targetHints":{"allow":["GET"]}}],"collection":[{"href":"https:\/\/topsolar.lu\/fr\/wp-json\/wp\/v2\/media"}],"about":[{"href":"https:\/\/topsolar.lu\/fr\/wp-json\/wp\/v2\/types\/attachment"}],"author":[{"embeddable":true,"href":"https:\/\/topsolar.lu\/fr\/wp-json\/wp\/v2\/users\/5"}],"replies":[{"embeddable":true,"href":"https:\/\/topsolar.lu\/fr\/wp-json\/wp\/v2\/comments?post=2143"}],"wp:attached-to":[{"embeddable":true,"post_type":"page","id":1868,"href":"https:\/\/topsolar.lu\/fr\/wp-json\/wp\/v2\/pages\/1868"}],"curies":[{"name":"wp","href":"https:\/\/api.w.org\/{rel}","templated":true}]}}

Installation photovoltaïque ultramoderne à Niederanven

<!-- This site is optimized with the Yoast SEO plugin v26.5 - https://yoast.com/wordpress/plugins/seo/ -->
<title>Installation photovoltaïque ultramoderne à Niederanven - Topsolar</title>
<meta name="robots" content="index, follow, max-snippet:-1, max-image-preview:large, max-video-preview:-1" />
<link rel="canonical" href="https://topsolar.lu/wp-content/uploads/2017/12/Niederanven-40-kWp.jpg" />
<meta property="og:locale" content="fr_FR" />
<meta property="og:type" content="article" />
<meta property="og:title" content="Installation photovoltaïque ultramoderne à Niederanven - Topsolar" />
<meta property="og:description" content="Installation photovoltaïque ultramoderne à Niederanven" />
<meta property="og:url" content="https://topsolar.lu/wp-content/uploads/2017/12/Niederanven-40-kWp.jpg" />
<meta property="og:site_name" content="Topsolar" />
<meta property="article:modified_time" content="2017-12-26T14:47:33+00:00" />
<meta property="og:image" content="https://topsolar.lu/wp-content/uploads/2017/12/Niederanven-40-kWp.jpg" />
	<meta property="og:image:width" content="1000" />
	<meta property="og:image:height" content="563" />
	<meta property="og:image:type" content="image/jpeg" />
<meta name="twitter:card" content="summary_large_image" />
<script type="application/ld+json" class="yoast-schema-graph">{"@context":"https://schema.org","@graph":[{"@type":"WebPage","@id":"https://topsolar.lu/wp-content/uploads/2017/12/Niederanven-40-kWp.jpg","url":"https://topsolar.lu/wp-content/uploads/2017/12/Niederanven-40-kWp.jpg","name":"Installation photovoltaïque ultramoderne à Niederanven - Topsolar","isPartOf":{"@id":"https://topsolar.lu/fr/#website"},"datePublished":"2017-12-22T12:03:51+00:00","dateModified":"2017-12-26T14:47:33+00:00","breadcrumb":{"@id":"https://topsolar.lu/wp-content/uploads/2017/12/Niederanven-40-kWp.jpg#breadcrumb"},"inLanguage":"fr-FR","potentialAction":[{"@type":"ReadAction","target":["https://topsolar.lu/wp-content/uploads/2017/12/Niederanven-40-kWp.jpg"]}]},{"@type":"BreadcrumbList","@id":"https://topsolar.lu/wp-content/uploads/2017/12/Niederanven-40-kWp.jpg#breadcrumb","itemListElement":[{"@type":"ListItem","position":1,"name":"Startseite","item":"https://topsolar.lu/fr/"},{"@type":"ListItem","position":2,"name":"Photovoltaïque","item":"https://topsolar.lu/fr/energie-photovoltaique/"},{"@type":"ListItem","position":3,"name":"Installation photovoltaïque ultramoderne à Niederanven"}]},{"@type":"WebSite","@id":"https://topsolar.lu/fr/#website","url":"https://topsolar.lu/fr/","name":"Topsolar","description":"Luxemburger Fachbetrieb für regenerative Energien","potentialAction":[{"@type":"SearchAction","target":{"@type":"EntryPoint","urlTemplate":"https://topsolar.lu/fr/?s={search_term_string}"},"query-input":{"@type":"PropertyValueSpecification","valueRequired":true,"valueName":"search_term_string"}}],"inLanguage":"fr-FR"}]}</script>
<!-- / Yoast SEO plugin. -->

Installation photovoltaïque ultramoderne à Niederanven - Topsolar

Photovoltaïque

Luxemburger Fachbetrieb für regenerative Energien

<p class="attachment"><a data-rel="iLightbox[postimages]" data-title="" data-caption="" href='https://topsolar.lu/wp-content/uploads/2017/12/Niederanven-40-kWp.jpg'><img decoding="async" width="300" height="169" src="https://topsolar.lu/wp-content/uploads/2017/12/Niederanven-40-kWp-300x169.jpg" class="attachment-medium size-medium" alt="Installation photovoltaïque ultramoderne à Niederanven" srcset="https://topsolar.lu/wp-content/uploads/2017/12/Niederanven-40-kWp-200x113.jpg 200w, https://topsolar.lu/wp-content/uploads/2017/12/Niederanven-40-kWp-300x169.jpg 300w, https://topsolar.lu/wp-content/uploads/2017/12/Niederanven-40-kWp-400x225.jpg 400w, https://topsolar.lu/wp-content/uploads/2017/12/Niederanven-40-kWp-600x338.jpg 600w, https://topsolar.lu/wp-content/uploads/2017/12/Niederanven-40-kWp-768x432.jpg 768w, https://topsolar.lu/wp-content/uploads/2017/12/Niederanven-40-kWp-800x450.jpg 800w, https://topsolar.lu/wp-content/uploads/2017/12/Niederanven-40-kWp.jpg 1000w" sizes="(max-width: 300px) 100vw, 300px" /></a></p>
<p>Installation photovoltaïque ultramoderne à Niederanven</p>

<p>Installation photovoltaïque ultramoderne à Niederanven</p>
